-4*x + 5*d, d = x - p*x - 2. Suppose 3*s = -2*k - 22, 5*s + 6*k - 8*k + 26 = x. Give f(s).
2
Let l(y) = y - 7. Let o(j) = -9*j + 65. Let a(c) = 19*l(c) + 2*o(c). Give a(-12).
-15
Let t(x) = -6*x**2 - 24*x - 5. Let m be ((-24)/20)/(-12 - 1230/(-100)). Determine t(m).
-5
Let l(m) = 132*m**3 - 48*m**2 + 3*m - 115. Let w(t) = 185*t**3 - 70*t**2 + 5*t - 173. Let z(f) = -7*l(f) + 5*w(f). Give z(14).
-4
Let k(i) = i**3 + 20*i**2 + 35*i - 21. Let d = 19846 - 19864. Calculate k(d).
-3
Let j(z) = -z**2 + z. Let s(c) = 5*c**2 + 24*c + 4. Let x be s(-5). Suppose -x*h + 3*h = 0. Determine j(h).
0
Let q(s) = -4*s + 9. Suppose 0 = 2*c - 5*c + 2*z + 69, -5*z + 15 = 0. Suppose -45 + 220 = c*d. Determine q(d).
-19
Let y(c) = -5*c + 38. Let z = -14699 - -14718. Calculate y(z).
-57
Let j = 39 + -39. Let v be 175/(-25) + (0 - j). Let n(k) = -3*k - 12. Let l(t) = t. Let r(i) = -2*l(i) - n(i). Determine r(v).
5
Let j(y) = 11*y. Suppose 157*p = 153*p - 144. Let i(x) = 6*x + 215. Let d be i(p). Determine j(d).
-11
Suppose 93 = -5*k + t + 342, 4*k - 2*t = 204. Suppose -46*j + 6 = -k*j. Let m = j + 1. Let n(h) = 9*h**3 - h - 1. Give n(m).
-9
Let r be ((-8)/8 - -5) + 5. Let m(l) = -r*l - 12 + l - l + 8 + 2*l. Determine m(2).
-18
Suppose -2*t + 13*c = 10*c - 1, -12 = -5*t - 2*c. Let y(x) = 1287*x**t - 2*x - x**3 - 1283*x**2 + 2 + 0*x. Give y(4).
-6
Suppose -4*m + 17 = -z + 4, 0 = -m - 2*z + 1. Let t(h) = 18*h - 35. Let w(q) = -6*q + 14. Let v(r) = m*t(r) + 8*w(r). What is v(-7)?
-35
Let v(d) = -14*d + 32. Let o(p) be the first derivative of 5*p**2/2 - 11*p - 153. Let n(r) = 11*o(r) + 4*v(r). What is n(-7)?
14
Let w(k) = -10*k + 50. Let g be (38 + -3)/(70*16/160). Determine w(g).
0
Let p(h) = -20. Let d(k) = 2*k + 117. Let g(z) = d(z) + 6*p(z). Suppose a - 1 = 1. Suppose 5*t = -33 - a. Give g(t).
-17
Let x(o) = -23*o**3 + o + 2. Let i = -1012 + 1011. Determine x(i).
24
Let q(g) = -3*g**2 - 6*g + 7. Let i(k) = 16*k**2 + 30*k - 36. Let t(a) = -2*i(a) - 11*q(a). Suppose 19*s + 426 = 293. Calculate t(s).
2
Let o(r) = -38*r**2 - r + 1. Let b(l) = -727*l**2 + 128*l - 35. Let a(s) = -b(s) + 19*o(s). Give a(29).
-4
Suppose -270 = 17*q - 2*q. Let i be (((-16)/(-3))/4)/((-4)/q). Let z(y) = -y**2 + 4*y + 7. Calculate z(i).
-5
Let v(h) = h**2 + 3*h - 94. Let t be v(8). Let y(f) be the first derivative of -f**2/2 + 3*f + 51. Calculate y(t).
9
Let h be ((-468)/(-1716))/(2/154). Let v(z) = 2*z**2 - 45*z + 34. Calculate v(h).
-29
Let h(i) be the second derivative of 2*i - 46 + i**2 + 1/6*i**3. Suppose -o - 10 = 4*o. Give h(o).
0
Let n(c) be the second derivative of -c**6/240 - 7*c**5/120 - 40*c**4/3 + 16*c - 1. Let h(o) be the third derivative of n(o). What is h(8)?
-31
Suppose -5*s + 18*v = 22*v + 51, 0 = -4*s + v - 24. Let l(w) = -3*w - 17. What is l(s)?
4
Let i(c) be the third derivative of c**5/60 - c**4/24 - 11*c**3/6 - 362*c**2 - 9*c - 1. What is i(-8)?
61
Let z(q) = q**3 + 11*q**2 + 7*q - 5. Suppose 24*a - 540 = 84*a. What is z(a)?
94
Let j(o) = -o**3 + 5*o**2 + 5*o - 8. Let b be 4/(8/(-2)) + (-2)/(-2). Suppose -10*a - 2*a + 72 = b. Give j(a).
-14
Let q = -203 - -696. Let x(j) = -2*j + j**2 + q - 514 + j. Let i be x(5). Let h(l) = -2*l + 1. Calculate h(i).
3
Let h(q) = -2*q**3 + 239*q**2 + 119*q + 113. Let w be h(120). Let k(t) = -13*t - 94. What is k(w)?
-3
Let o(r) = 166*r - 944 + 163*r + 170*r - 456*r. Calculate o(22).
2
Suppose -6*b - 35 = -b. Let l(i) be the second derivative of i**4/12 + 7*i**3/6 - i**2 + 13633*i. Give l(b).
-2
Let u(w) = -11*w. Let g be u(-1). Let s(m) = 23 + 18 - 35 + 17*m - m**2 + 3*m - 9*m. Calculate s(g).
6
Suppose -16*l = 171 - 203. Let c(s) be the third derivative of 0*s - 1/24*s**4 + 0 + 1/20*s**5 + 2/3*s**3 + 13*s**l - 1/120*s**6. What is c(4)?
-16
Let v(c) = -5*c - 3. Suppose 15 = -6*s + 21. Suppose 2*l = -5*w - 29, -12 - s = w + 4*l. Determine v(w).
22
Let h(o) be the second derivative of 11*o**4/12 - o**2/2 - 20*o. Let t(q) = -q**3 - 10*q**2 - 4*q + 28. Let f be t(-10). Let l = f - 69. Calculate h(l).
10
Let o(t) be the first derivative of -1/4*t**4 - 329 + 1/2*t**2 + 7/3*t**3 - t. Let f(w) = w**3 - w**2 + 3*w - 3. Let c be f(2). Calculate o(c).
6
Let f(w) = -19*w**3 + 7*w**2 + 7*w + 39. Let g(q) = -23*q**3 + 6*q**2 + 6*q + 42. Let o(m) = -6*f(m) + 5*g(m). Determine o(-11).
-13
Suppose 2 + 2 = 4*z. Let v be (7 + 57/(-9))*(1 - -11). Let f(a) = 94 - 94 + v*a. Determine f(z).
8
Let j(g) = g**3 - 4*g**2 - 13*g - 9. Suppose 4*n - 15*i + 11*i = 8, -3*n - i + 22 = 0. Calculate j(n).
-15
Let c(v) = 13*v**2 + 7*v + 5. Let x be c(-1). Let q(z) be the first derivative of z**4/4 - 10*z**3/3 - 7*z**2 - 215. Calculate q(x).
-33
Let i(r) = -4 - 9*r**3 + 3*r + 2*r + 7*r**3 + 3*r**3 - 7*r**2 + 2*r**2. Suppose -5*s + 12 = -2*s. Calculate i(s).
0
Let u(s) be the second derivative of -s**5/10 - s**4/2 - s**3/2 - 9*s**2/2 - 56*s + 1. Calculate u(-4).
35
Let i(d) be the third derivative of d**5/60 + d**4/12 - 2*d**3/3 + 18*d**2. Suppose -4*y + 4*s = 8*s + 4, -s + 19 = -4*y. Calculate i(y).
4
Let h(k) be the third derivative of -1/60*k**5 - 1/120*k**6 + 5/6*k**3 + 0*k - 29*k**2 + 7/24*k**4 + 0. Determine h(-4).
25
Suppose -63*z - 9*z + 198 = -39*z. Let u(p) = 6*p - 35. Determine u(z).
1
Let l(g) = -12*g - 8. Suppose 193 = 21*n + 67. Let w(h) = -13*h - 10. Let m(t) = n*l(t) - 5*w(t). What is m(-5)?
37
Suppose 5*j - 5*d - 55 = 0, -3*d = 4*j + d - 84. Let n = j - 16. Let q be (n - 3/(-2))*2. Let t(y) = -y - 2. What is t(q)?
-5
Let r(b) = -21*b - 575*b**2 - 23 - b**3 + 277*b**2 + 296*b**2 - 47. Give r(-3).
2
Let q(j) = -2*j**3 - 3*j**2 + 5*j + 14. Let u(a) = -2*a**2 + 86*a - 564. Let m be u(35). Determine q(m).
74
Suppose 2*t = 5*a - 35, t - 35 = -5*a - 3*t. Let h(u) = 4*u**2 - 25*u - 19. Let w(b) = -3*b**2 + 17*b + 13. Let i(y) = a*w(y) + 5*h(y). What is i(-6)?
-4
Let l(c) = 2012*c - 4020*c - c**3 + 5*c**2 + 13 + 2014*c + 2*c**2. Calculate l(7).
55
Let f(n) = n**2 + 10*n + 24. Suppose -2866*x + 2871*x + 3 + 32 = 0. What is f(x)?
3
Let o(u) = -2*u**2 + 55*u - 64. Let f(y) = y**2 - 26*y + 30. Let s(c) = 5*f(c) + 2*o(c). Calculate s(19).
3
Let q(h) = 6*h**3 - 36*h**2 - 19*h + 84. Let u(c) = -c**3 + 12*c**2 + 2*c - 2. Let g(t) = -q(t) - 8*u(t). Give g(30).
22
Let v(f) be the second derivative of 7*f**4/8 + f**3/6 + 79*f**2 + 114*f. Let g(m) be the first derivative of v(m). Give g(-2).
-41
Suppose -y + 23 = -7*y - 97. Let u(s) = 11*s**2 + 218*s - 30. What is u(y)?
10
Suppose 5*v + 20 = 5*k, 24 = -5*v + 6*k + 4. Let w be v - (-9 - (-3 + 3))/1. Let z(h) = -h**2 + 3*h. Give z(w).
-10
Let t(q) be the second derivative of -q**5/10 + 11*q**4/3 + 17*q**3/2 - 59*q**2 + 5149*q. What is t(23)?
-3
Let u(t) = t**3 - 12*t**2 + 18*t - 73. Let j be u(11). Let x(o) be the second derivative of -o**5/20 + 5*o**4/12 - o**3/6 - 5*o**2/2 + 47*o. What is x(j)?
7
Let d(g) = -g. Let h(r) = -r**2 - 9*r - 1. Let j(p) = p - 9. Let n be j(15). Let y be 12/(-7)*(n + 57/(-6)). Let o(a) = y*d(a) - h(a). Calculate o(-4).
5
Let b = 4 + 1. Let i(t) = -15108*t**2 + 5 - 2*t + 30215*t**2 - 15106*t**2. Determine i(b).
20
Let p(v) = -3*v**2 + 26*v + 176. Let b(k) = -5*k**2 + 44*k + 294. Let c(z) = 10*b(z) - 17*p(z). What is c(8)?
-4
Let h(p) = -p**2 + 8*p - 8. Let j(n) = -3*n - 6. Let s be (-4)/10 - (-47)/5. Suppose -5*w - 26 = -2*v, 7*w - s*w - 4*v + 4 = 0. Let m be j(w). Give h(m).
4
Let q(w) = -9 + 3*w - 7*w + 5*w - 10 + w. Calculate q(6).
-7
Let f(g) = -g. Suppose -y - y = 8. Let l(n) = 3*n - 3. Let k(x) = -x + 1. Let s(p) = -9*k(p) - 4*l(p). Let z(c) = y*f(c) + s(c). Give z(-4).
-1
Let w = -319 - -321. Let s(c) = c**3 - 7*c + 5 + 3*c + 35*c**w - 73*c**2 + 41*c**2. Suppose 32 = -5*x + 12. Determine s(x).
5
Let f(i) = i**3 + 2*i**2 - 5*i + 11. Let j = 5378 - 5373. Calculate f(j).
161
Let m be (-6)/(1/4 + 22/(-40)). Suppose 4*j = 3*z + 28, m = -7*z + 2*z. Suppose -5*s - l + 13 = 0, -j*s - 4*l = s - 22. Let g(q) = -6*q**2 + 3*q - 1. Give g(s).
-19
Let z(k) be the third derivative of k**6/120 - 7*k**5/30 + 7*k**4/8 + 13*k**3/2 + 2273*k**2. Determine z(12).
3
Let p be 0/(4/((-4)/3)). Suppose 3*y + 3*q = 0, 3*y - y + 3*q - 1 = p. Let r(b) = -9*b**2 + 1. Calculate r(y).
-8
Let t(i) be the third derivative of i**6/120 - 11*i**5/60 + 11*i**4/24 + i**3/2 - i**2 - 8545*i + 2. Suppose -8*u + 4*u - 22 = -b, -2*u = -b + 